{"id":147,"date":"2016-02-06T22:45:14","date_gmt":"2016-02-06T21:45:14","guid":{"rendered":"http:\/\/parafiabiadoliny.pl\/?page_id=147"},"modified":"2022-11-02T11:53:26","modified_gmt":"2022-11-02T10:53:26","slug":"duszpasterze","status":"publish","type":"page","link":"https:\/\/nspjbiadoliny.pl\/?page_id=147","title":{"rendered":"Duszpasterze"},"content":{"rendered":"<p style=\"text-align: left;\"><strong> Ksi\u0119\u017ca pracuj\u0105cy w parafii: <\/strong><\/p>\n<h2>KS. ZBIGNIEW DUDEK<\/h2>\n<p><strong> proboszcz <\/strong><br \/>\ndata \u015bwi\u0119cenia: 1985-05-26<br \/>\nw parafii od 2015 r.<\/p>\n<h2>KS. KRZYSZTOF KOWALCZYK<\/h2>\n<p><strong> wikariusz <\/strong><br \/>\ndata \u015bwi\u0119cenia: 2022-05-28<br \/>\nw parafii od 2022 r.<\/p>\n<h2>KS. ANTONI GIERO\u0143<\/h2>\n<p><strong> rezydent <\/strong> (proboszcz w latach 1993-2015)<br \/>\ndata \u015bwi\u0119cenia: 1971-05-30<br \/>\nw parafii od 1993 r.<\/p>\n<p style=\"text-align: right;\"><em><a href=\"http:\/\/www.biadoliny-wiz.diecezja.tarnow.pl\/#duszpasterze\" target=\"_blank\" rel=\"noopener noreferrer\">\u017ar\u00f3d\u0142o<\/a><\/em><\/p>\n","protected":false},"excerpt":{"rendered":"<p>Ksi\u0119\u017ca pracuj\u0105cy w parafii: KS. ZBIGNIEW DUDEK proboszcz data \u015bwi\u0119cenia: 1985-05-26 w parafii od 2015 r. KS. KRZYSZTOF KOWALCZYK wikariusz data \u015bwi\u0119cenia: 2022-05-28 w parafii od 2022 r. KS. ANTONI GIERO\u0143 rezydent (proboszcz w latach 1993-2015) data \u015bwi\u0119cenia: 1971-05-30 w parafii od 1993 r. \u017ar\u00f3d\u0142o<\/p>\n","protected":false},"author":1,"featured_media":0,"parent":192,"menu_order":0,"comment_status":"closed","ping_status":"closed","template":"","meta":{"_exactmetrics_skip_tracking":false,"_exactmetrics_sitenote_active":false,"_exactmetrics_sitenote_note":"","_exactmetrics_sitenote_category":0,"ngg_post_thumbnail":0,"footnotes":""},"class_list":["entry","page","publish","author-admin","post-147"],"_links":{"self":[{"href":"https:\/\/nspjbiadoliny.pl\/index.php?rest_route=\/wp\/v2\/pages\/147","targetHints":{"allow":["GET"]}}],"collection":[{"href":"https:\/\/nspjbiadoliny.pl\/index.php?rest_route=\/wp\/v2\/pages"}],"about":[{"href":"https:\/\/nspjbiadoliny.pl\/index.php?rest_route=\/wp\/v2\/types\/page"}],"author":[{"embeddable":true,"href":"https:\/\/nspjbiadoliny.pl\/index.php?rest_route=\/wp\/v2\/users\/1"}],"replies":[{"embeddable":true,"href":"https:\/\/nspjbiadoliny.pl\/index.php?rest_route=%2Fwp%2Fv2%2Fcomments&post=147"}],"version-history":[{"count":6,"href":"https:\/\/nspjbiadoliny.pl\/index.php?rest_route=\/wp\/v2\/pages\/147\/revisions"}],"predecessor-version":[{"id":2771,"href":"https:\/\/nspjbiadoliny.pl\/index.php?rest_route=\/wp\/v2\/pages\/147\/revisions\/2771"}],"up":[{"embeddable":true,"href":"https:\/\/nspjbiadoliny.pl\/index.php?rest_route=\/wp\/v2\/pages\/192"}],"wp:attachment":[{"href":"https:\/\/nspjbiadoliny.pl\/index.php?rest_route=%2Fwp%2Fv2%2Fmedia&parent=147"}],"curies":[{"name":"wp","href":"https:\/\/api.w.org\/{rel}","templated":true}]}}

<p style="text-align: left;"><strong> Księża pracujący w parafii: </strong></p>
<h2>KS. ZBIGNIEW DUDEK</h2>
<p><strong> proboszcz </strong><br />
data święcenia: 1985-05-26<br />
w parafii od 2015 r.</p>
<h2>KS. KRZYSZTOF KOWALCZYK</h2>
<p><strong> wikariusz </strong><br />
data święcenia: 2022-05-28<br />
w parafii od 2022 r.</p>
<h2>KS. ANTONI GIEROŃ</h2>
<p><strong> rezydent </strong> (proboszcz w latach 1993-2015)<br />
data święcenia: 1971-05-30<br />
w parafii od 1993 r.</p>
<p style="text-align: right;"><em><a href="http://www.biadoliny-wiz.diecezja.tarnow.pl/#duszpasterze" target="_blank" rel="noopener noreferrer">źródło</a></em></p>

<p>Księża pracujący w parafii: KS. ZBIGNIEW DUDEK proboszcz data święcenia: 1985-05-26 w parafii od 2015 r. KS. KRZYSZTOF KOWALCZYK wikariusz data święcenia: 2022-05-28 w parafii od 2022 r. KS. ANTONI GIEROŃ rezydent (proboszcz w latach 1993-2015) data święcenia: 1971-05-30 w parafii od 1993 r. źródło</p>
